{"id":618,"date":"2023-06-07T12:58:29","date_gmt":"2023-06-07T12:58:29","guid":{"rendered":"https:\/\/foreningshus.dk\/?page_id=618"},"modified":"2026-08-20T14:18:38","modified_gmt":"2026-08-20T12:18:38","slug":"udlejning","status":"publish","type":"page","link":"https:\/\/foreningshus.dk\/index.php\/udlejning\/","title":{"rendered":"Udlejning"},"content":{"rendered":"\n<figure class=\"wp-block-image size-large\"><img loading=\"lazy\" decoding=\"async\" width=\"768\" height=\"1024\" src=\"https:\/\/foreningshus.dk\/wp-content\/uploads\/2026\/06\/2026-05-07-14.49.09-768x1024.jpg\" alt=\"\" class=\"wp-image-3194\" srcset=\"https:\/\/foreningshus.dk\/wp-content\/uploads\/2026\/06\/2026-05-07-14.49.09-768x1024.jpg 768w, https:\/\/foreningshus.dk\/wp-content\/uploads\/2026\/06\/2026-05-07-14.49.09-225x300.jpg 225w, https:\/\/foreningshus.dk\/wp-content\/uploads\/2026\/06\/2026-05-07-14.49.09-1152x1536.jpg 1152w, https:\/\/foreningshus.dk\/wp-content\/uploads\/2026\/06\/2026-05-07-14.49.09-1536x2048.jpg 1536w, https:\/\/foreningshus.dk\/wp-content\/uploads\/2026\/06\/2026-05-07-14.49.09-1320x1760.jpg 1320w, https:\/\/foreningshus.dk\/wp-content\/uploads\/2026\/06\/2026-05-07-14.49.09-scaled.jpg 1920w\" sizes=\"auto, (max-width: 768px) 100vw, 768px\" \/><\/figure>\n\n\n\n<p class=\"wp-block-paragraph\">I 2024 blev hovehuset Liselund samt b\u00e5de Kastaniehaven og \u00c6blehaven renoveret. Stueetagen er blevet renoveret og fremst\u00e5r du som det flotteste eksempel p\u00e5, hvad en b\u00e5de n\u00e6nsom og respektfuld renovering kan g\u00f8re. Uden at prale har vi nok Ganl\u00f8ses flotteste hus &#8211; b\u00e5de inde og ude.<\/p>\n\n\n\n<hr class=\"wp-block-separator has-alpha-channel-opacity\"\/>\n\n\n\n<p class=\"wp-block-paragraph\"><strong>Vi er klar til at udleje lokalerne p\u00e5 Liselund, b\u00e5lhytten og de sk\u00f8nne haver<\/strong> ud til foreningsform\u00e5l som for eksempel: M\u00f8der, arrangementer, sammenkomster og hvad I ellers har i tankerne. <br>(Liselund m\u00e5 ikke benyttes til &#8220;vilde&#8221; fester, af hensyn til naboerne \u2013 men gerne til fx barned\u00e5b, bryllup, bis\u00e6ttelse, klasse-arrangementer, foreningskomsammen m.m.)<\/p>\n\n\n\n<h2 class=\"wp-block-heading\">Hvem kan leje?<\/h2>\n\n\n\n<p class=\"wp-block-paragraph\">Man skal v\u00e6re min. 18 \u00e5r for at kunne leje Liselund og det er en betingelse for at kunne benytte huset, at en eller gerne flere personer eller foreningen er medlem af Foreningshuset. Det kan man blive for det beskedne bel\u00f8b af 200 kr. pr. person pr. \u00e5r og ogs\u00e5 kun 200 kr. pr. \u00e5r for en forening.<\/p>\n\n\n\n<hr class=\"wp-block-separator has-alpha-channel-opacity\"\/>\n\n\n\n<h2 class=\"wp-block-heading\">Lokaler<\/h2>\n\n\n\n<figure class=\"wp-block-image size-large\"><img loading=\"lazy\" decoding=\"async\" width=\"1024\" height=\"642\" src=\"https:\/\/foreningshus.dk\/wp-content\/uploads\/2024\/10\/image-1024x642.png\" alt=\"\" class=\"wp-image-1279\" srcset=\"https:\/\/foreningshus.dk\/wp-content\/uploads\/2024\/10\/image-1024x642.png 1024w, https:\/\/foreningshus.dk\/wp-content\/uploads\/2024\/10\/image-300x188.png 300w, https:\/\/foreningshus.dk\/wp-content\/uploads\/2024\/10\/image-768x482.png 768w, https:\/\/foreningshus.dk\/wp-content\/uploads\/2024\/10\/image.png 1119w\" sizes=\"auto, (max-width: 1024px) 100vw, 1024px\" \/><\/figure>\n\n\n\n<p class=\"wp-block-paragraph\"><strong>F\u00e6llesrum<\/strong> med plads til max. 50 personer i stoleopstilling og til et lidt mindre antal til m\u00f8deopstilling ved borde. Der findes diverse AV-udstyr inkl. storsk\u00e6rm i f\u00e6llesrummet. Der er en lille s\u00f8jle midt i rummet. Garderobe findes i opholdsstuen.<\/p>\n\n\n\n<p class=\"wp-block-paragraph\"><strong>Opholdsstuen<\/strong> er m\u00f8bleret med sofaer, bl\u00f8de stole og er t\u00e6nkt som hyggestue for medlemmer, n\u00e5r ikke den lejlighedsvis er udlejet. Opholdsstuen er beregnet til ca. 15 personer. Opholdsstuen er i \u00e5ben forbindelse med k\u00f8kkenet<\/p>\n\n\n\n<h2 class=\"wp-block-heading\">K\u00f8kken<\/h2>\n\n\n\n<p class=\"wp-block-paragraph\">Der er service til servering af max. 50 personer, ovn, induktions-kogeplade, industri-opvaskemaskine og ekstra k\u00f8leskab. <br>K\u00f8kkenet egner sig ikke til decideret madlavning til et stort antal personer \u2013 men udelukkende til anretning af medbragt eller leveret mad.<\/p>\n\n\n\n<hr class=\"wp-block-separator has-alpha-channel-opacity\"\/>\n\n\n\n<h2 class=\"wp-block-heading\">F\u00f8rste sal<\/h2>\n\n\n\n<p class=\"wp-block-paragraph\">F\u00f8rste sal er endnu ikke indrettet, men vil blive det med 2 mindre kontorer der kan lejes p\u00e5 dags-\/timebasis til f.eks. hjemmearbejdsplads. Desuden vil der blive et lidt st\u00f8rre krearum med vaskefaciliteter.<\/p>\n\n\n\n<figure class=\"wp-block-image size-full\"><img loading=\"lazy\" decoding=\"async\" width=\"824\" height=\"424\" src=\"https:\/\/foreningshus.dk\/wp-content\/uploads\/2024\/10\/image-1.png\" alt=\"\" class=\"wp-image-1294\" srcset=\"https:\/\/foreningshus.dk\/wp-content\/uploads\/2024\/10\/image-1.png 824w, https:\/\/foreningshus.dk\/wp-content\/uploads\/2024\/10\/image-1-300x154.png 300w, https:\/\/foreningshus.dk\/wp-content\/uploads\/2024\/10\/image-1-768x395.png 768w\" sizes=\"auto, (max-width: 824px) 100vw, 824px\" \/><\/figure>\n\n\n\n<p class=\"wp-block-paragraph\"><a href=\"https:\/\/foreningshus.dk\/index.php\/prisliste\/\" data-type=\"page\" data-id=\"620\">Klik her for at f\u00e5 en oversigt over priser<\/a><\/p>\n\n\n\n<p class=\"wp-block-paragraph\"><strong>Henvendelse til Bo Otterstr\u00f8m p\u00e5 <a href=\"mailto:info@foreningshus.dk\">info@foreningshus.dk<\/a><\/strong><\/p>\n\n\n\n<p class=\"wp-block-paragraph\">Med venlig hilsen<\/p>\n\n\n\n<p class=\"wp-block-paragraph\">Liselund Ganl\u00f8se Foreningshus<\/p>\n\n\n<div class=\"_df_book df-lite\" id=\"df_3309\"  _slug=\"vejledning-til-lejere-3\" data-title=\"vejledning-til-lejere\" wpoptions=\"true\" thumbtype=\"\" ><\/div><script class=\"df-shortcode-script\" nowprocket type=\"application\/javascript\">window.option_df_3309 = {\"outline\":[],\"autoEnableOutline\":\"false\",\"autoEnableThumbnail\":\"false\",\"overwritePDFOutline\":\"false\",\"direction\":\"1\",\"pageSize\":\"0\",\"source\":\"https:\\\/\\\/foreningshus.dk\\\/wp-content\\\/uploads\\\/2026\\\/08\\\/Vejledning-til-lejere-2026-08.pdf\",\"wpOptions\":\"true\"}; if(window.DFLIP && window.DFLIP.parseBooks){window.DFLIP.parseBooks();}<\/script>\n","protected":false},"excerpt":{"rendered":"<p>I 2024 blev hovehuset Liselund samt b\u00e5de Kastaniehaven og \u00c6blehaven renoveret. Stueetagen er blevet renoveret og fremst\u00e5r du som det flotteste eksempel p\u00e5, hvad en b\u00e5de n\u00e6nsom og respektfuld renovering kan g\u00f8re. Uden at prale har vi nok Ganl\u00f8ses flotteste hus &#8211; b\u00e5de inde og ude. Vi er klar til<a class=\"read-more\" href=\"https:\/\/foreningshus.dk\/index.php\/udlejning\/\">[Read More&#8230;]<\/a><\/p>\n","protected":false},"author":6,"featured_media":0,"parent":0,"menu_order":0,"comment_status":"closed","ping_status":"closed","template":"","meta":{"footnotes":""},"class_list":["post-618","page","type-page","status-publish","hentry"],"_links":{"self":[{"href":"https:\/\/foreningshus.dk\/index.php\/wp-json\/wp\/v2\/pages\/618","targetHints":{"allow":["GET"]}}],"collection":[{"href":"https:\/\/foreningshus.dk\/index.php\/wp-json\/wp\/v2\/pages"}],"about":[{"href":"https:\/\/foreningshus.dk\/index.php\/wp-json\/wp\/v2\/types\/page"}],"author":[{"embeddable":true,"href":"https:\/\/foreningshus.dk\/index.php\/wp-json\/wp\/v2\/users\/6"}],"replies":[{"embeddable":true,"href":"https:\/\/foreningshus.dk\/index.php\/wp-json\/wp\/v2\/comments?post=618"}],"version-history":[{"count":24,"href":"https:\/\/foreningshus.dk\/index.php\/wp-json\/wp\/v2\/pages\/618\/revisions"}],"predecessor-version":[{"id":3312,"href":"https:\/\/foreningshus.dk\/index.php\/wp-json\/wp\/v2\/pages\/618\/revisions\/3312"}],"wp:attachment":[{"href":"https:\/\/foreningshus.dk\/index.php\/wp-json\/wp\/v2\/media?parent=618"}],"curies":[{"name":"wp","href":"https:\/\/api.w.org\/{rel}","templated":true}]}}

<figure class="wp-block-image size-large"><img loading="lazy" decoding="async" width="768" height="1024" src="https://foreningshus.dk/wp-content/uploads/2026/06/2026-05-07-14.49.09-768x1024.jpg" alt="" class="wp-image-3194" srcset="https://foreningshus.dk/wp-content/uploads/2026/06/2026-05-07-14.49.09-768x1024.jpg 768w, https://foreningshus.dk/wp-content/uploads/2026/06/2026-05-07-14.49.09-225x300.jpg 225w, https://foreningshus.dk/wp-content/uploads/2026/06/2026-05-07-14.49.09-1152x1536.jpg 1152w, https://foreningshus.dk/wp-content/uploads/2026/06/2026-05-07-14.49.09-1536x2048.jpg 1536w, https://foreningshus.dk/wp-content/uploads/2026/06/2026-05-07-14.49.09-1320x1760.jpg 1320w, https://foreningshus.dk/wp-content/uploads/2026/06/2026-05-07-14.49.09-scaled.jpg 1920w" sizes="auto, (max-width: 768px) 100vw, 768px" /></figure>



<p class="wp-block-paragraph">I 2024 blev hovehuset Liselund samt både Kastaniehaven og Æblehaven renoveret. Stueetagen er blevet renoveret og fremstår du som det flotteste eksempel på, hvad en både nænsom og respektfuld renovering kan gøre. Uden at prale har vi nok Ganløses flotteste hus &#8211; både inde og ude.</p>



<hr class="wp-block-separator has-alpha-channel-opacity"/>



<p class="wp-block-paragraph"><strong>Vi er klar til at udleje lokalerne på Liselund, bålhytten og de skønne haver</strong> ud til foreningsformål som for eksempel: Møder, arrangementer, sammenkomster og hvad I ellers har i tankerne. <br>(Liselund må ikke benyttes til &#8220;vilde&#8221; fester, af hensyn til naboerne – men gerne til fx barnedåb, bryllup, bisættelse, klasse-arrangementer, foreningskomsammen m.m.)</p>



<h2 class="wp-block-heading">Hvem kan leje?</h2>



<p class="wp-block-paragraph">Man skal være min. 18 år for at kunne leje Liselund og det er en betingelse for at kunne benytte huset, at en eller gerne flere personer eller foreningen er medlem af Foreningshuset. Det kan man blive for det beskedne beløb af 200 kr. pr. person pr. år og også kun 200 kr. pr. år for en forening.</p>



<hr class="wp-block-separator has-alpha-channel-opacity"/>



<h2 class="wp-block-heading">Lokaler</h2>



<figure class="wp-block-image size-large"><img loading="lazy" decoding="async" width="1024" height="642" src="https://foreningshus.dk/wp-content/uploads/2024/10/image-1024x642.png" alt="" class="wp-image-1279" srcset="https://foreningshus.dk/wp-content/uploads/2024/10/image-1024x642.png 1024w, https://foreningshus.dk/wp-content/uploads/2024/10/image-300x188.png 300w, https://foreningshus.dk/wp-content/uploads/2024/10/image-768x482.png 768w, https://foreningshus.dk/wp-content/uploads/2024/10/image.png 1119w" sizes="auto, (max-width: 1024px) 100vw, 1024px" /></figure>



<p class="wp-block-paragraph"><strong>Fællesrum</strong> med plads til max. 50 personer i stoleopstilling og til et lidt mindre antal til mødeopstilling ved borde. Der findes diverse AV-udstyr inkl. storskærm i fællesrummet. Der er en lille søjle midt i rummet. Garderobe findes i opholdsstuen.</p>



<p class="wp-block-paragraph"><strong>Opholdsstuen</strong> er møbleret med sofaer, bløde stole og er tænkt som hyggestue for medlemmer, når ikke den lejlighedsvis er udlejet. Opholdsstuen er beregnet til ca. 15 personer. Opholdsstuen er i åben forbindelse med køkkenet</p>



<h2 class="wp-block-heading">Køkken</h2>



<p class="wp-block-paragraph">Der er service til servering af max. 50 personer, ovn, induktions-kogeplade, industri-opvaskemaskine og ekstra køleskab. <br>Køkkenet egner sig ikke til decideret madlavning til et stort antal personer – men udelukkende til anretning af medbragt eller leveret mad.</p>



<hr class="wp-block-separator has-alpha-channel-opacity"/>



<h2 class="wp-block-heading">Første sal</h2>



<p class="wp-block-paragraph">Første sal er endnu ikke indrettet, men vil blive det med 2 mindre kontorer der kan lejes på dags-/timebasis til f.eks. hjemmearbejdsplads. Desuden vil der blive et lidt større krearum med vaskefaciliteter.</p>



<figure class="wp-block-image size-full"><img loading="lazy" decoding="async" width="824" height="424" src="https://foreningshus.dk/wp-content/uploads/2024/10/image-1.png" alt="" class="wp-image-1294" srcset="https://foreningshus.dk/wp-content/uploads/2024/10/image-1.png 824w, https://foreningshus.dk/wp-content/uploads/2024/10/image-1-300x154.png 300w, https://foreningshus.dk/wp-content/uploads/2024/10/image-1-768x395.png 768w" sizes="auto, (max-width: 824px) 100vw, 824px" /></figure>



<p class="wp-block-paragraph"><a href="https://foreningshus.dk/index.php/prisliste/" data-type="page" data-id="620">Klik her for at få en oversigt over priser</a></p>



<p class="wp-block-paragraph"><strong>Henvendelse til Bo Otterstrøm på <a href="mailto:info@foreningshus.dk">info@foreningshus.dk</a></strong></p>



<p class="wp-block-paragraph">Med venlig hilsen</p>



<p class="wp-block-paragraph">Liselund Ganløse Foreningshus</p>


<div class="_df_book df-lite" id="df_3309"  _slug="vejledning-til-lejere-3" data-title="vejledning-til-lejere" wpoptions="true" thumbtype="" ></div><script class="df-shortcode-script" nowprocket type="application/javascript">window.option_df_3309 = {"outline":[],"autoEnableOutline":"false","autoEnableThumbnail":"false","overwritePDFOutline":"false","direction":"1","pageSize":"0","source":"https:\/\/foreningshus.dk\/wp-content\/uploads\/2026\/08\/Vejledning-til-lejere-2026-08.pdf","wpOptions":"true"}; if(window.DFLIP && window.DFLIP.parseBooks){window.DFLIP.parseBooks();}</script>

<p>I 2024 blev hovehuset Liselund samt både Kastaniehaven og Æblehaven renoveret. Stueetagen er blevet renoveret og fremstår du som det flotteste eksempel på, hvad en både nænsom og respektfuld renovering kan gøre. Uden at prale har vi nok Ganløses flotteste hus &#8211; både inde og ude. Vi er klar til<a class="read-more" href="https://foreningshus.dk/index.php/udlejning/">[Read More&#8230;]</a></p>
