{"id":3351,"date":"2026-08-28T14:29:07","date_gmt":"2026-08-28T12:29:07","guid":{"rendered":"https:\/\/foreningshus.dk\/?post_type=tribe_events&#038;p=3351"},"modified":"2026-08-28T14:29:07","modified_gmt":"2026-08-28T12:29:07","slug":"info-om-sy-faellesskab","status":"publish","type":"tribe_events","link":"https:\/\/foreningshus.dk\/index.php\/event\/info-om-sy-faellesskab\/","title":{"rendered":"Info om SY-F\u00e6llesskab"},"content":{"rendered":"<p>Info om SY-F\u00e6llesskab i Krea-rummet p\u00e5 Liselund onsdag den 15.9. kl. 19 &#8211; 20<\/p>\n<p>Her vil ledere og frivillige fort\u00e6lle om \u00a0ideen, \u201cFra sting til ting\u201d.<\/p>\n<p>Det bliver jer, som vil medvirke, der beslutter, hvordan vi fremover skal m\u00f8des til kreativ-syning. Skriv gerne til: <a href=\"mailto:anne@jpm.dk\">anne@jpm.dk<\/a><\/p>\n","protected":false},"excerpt":{"rendered":"<p>Info om SY-F\u00e6llesskab i Krea-rummet p\u00e5 Liselund onsdag den 15.9. kl. 19 &#8211; 20 Her vil ledere og frivillige fort\u00e6lle om \u00a0ideen, \u201cFra sting til ting\u201d. Det bliver jer, som vil medvirke, der beslutter, hvordan vi fremover skal m\u00f8des til kreativ-syning. Skriv gerne til: anne@jpm.dk<\/p>\n","protected":false},"author":1,"featured_media":1825,"template":"","meta":{"_tribe_events_status":"","_tribe_events_status_reason":"","_tribe_events_is_hybrid":"","_tribe_events_is_virtual":"","_tribe_events_virtual_video_source":"","_tribe_events_virtual_embed_video":"","_tribe_events_virtual_linked_button_text":"","_tribe_events_virtual_linked_button":"","_tribe_events_virtual_show_embed_at":"","_tribe_events_virtual_show_embed_to":[],"_tribe_events_virtual_show_on_event":"","_tribe_events_virtual_show_on_views":"","_tribe_events_virtual_url":"","footnotes":""},"tags":[],"tribe_events_cat":[17,27],"class_list":["post-3351","tribe_events","type-tribe_events","status-publish","has-post-thumbnail","hentry","tribe_events_cat-aabent-arrangement","tribe_events_cat-krearum-1-sal","cat_aabent-arrangement","cat_krearum-1-sal"],"_links":{"self":[{"href":"https:\/\/foreningshus.dk\/index.php\/wp-json\/wp\/v2\/tribe_events\/3351","targetHints":{"allow":["GET"]}}],"collection":[{"href":"https:\/\/foreningshus.dk\/index.php\/wp-json\/wp\/v2\/tribe_events"}],"about":[{"href":"https:\/\/foreningshus.dk\/index.php\/wp-json\/wp\/v2\/types\/tribe_events"}],"author":[{"embeddable":true,"href":"https:\/\/foreningshus.dk\/index.php\/wp-json\/wp\/v2\/users\/1"}],"version-history":[{"count":1,"href":"https:\/\/foreningshus.dk\/index.php\/wp-json\/wp\/v2\/tribe_events\/3351\/revisions"}],"predecessor-version":[{"id":3352,"href":"https:\/\/foreningshus.dk\/index.php\/wp-json\/wp\/v2\/tribe_events\/3351\/revisions\/3352"}],"wp:featuredmedia":[{"embeddable":true,"href":"https:\/\/foreningshus.dk\/index.php\/wp-json\/wp\/v2\/media\/1825"}],"wp:attachment":[{"href":"https:\/\/foreningshus.dk\/index.php\/wp-json\/wp\/v2\/media?parent=3351"}],"wp:term":[{"taxonomy":"post_tag","embeddable":true,"href":"https:\/\/foreningshus.dk\/index.php\/wp-json\/wp\/v2\/tags?post=3351"},{"taxonomy":"tribe_events_cat","embeddable":true,"href":"https:\/\/foreningshus.dk\/index.php\/wp-json\/wp\/v2\/tribe_events_cat?post=3351"}],"curies":[{"name":"wp","href":"https:\/\/api.w.org\/{rel}","templated":true}]}}

Info om SY-Fællesskab

<p>Info om SY-Fællesskab i Krea-rummet på Liselund onsdag den 15.9. kl. 19 &#8211; 20</p>
<p>Her vil ledere og frivillige fortælle om  ideen, “Fra sting til ting”.</p>
<p>Det bliver jer, som vil medvirke, der beslutter, hvordan vi fremover skal mødes til kreativ-syning. Skriv gerne til: <a href="mailto:anne@jpm.dk">anne@jpm.dk</a></p>

<p>Info om SY-Fællesskab i Krea-rummet på Liselund onsdag den 15.9. kl. 19 &#8211; 20 Her vil ledere og frivillige fortælle om  ideen, “Fra sting til ting”. Det bliver jer, som vil medvirke, der beslutter, hvordan vi fremover skal mødes til kreativ-syning. Skriv gerne til: anne@jpm.dk</p>
